{"id":3452,"date":"2021-11-15T06:19:08","date_gmt":"2021-11-15T06:19:08","guid":{"rendered":"https:\/\/resources.physio-pedia.com\/resource\/rehabilitation-considerations-during-the-covid-19-outbreak-2\/"},"modified":"2021-11-23T19:34:51","modified_gmt":"2021-11-23T19:34:51","slug":"rehabilitation-considerations-during-the-covid-19-outbreak","status":"publish","type":"resource","link":"https:\/\/resources.physio-pedia.com\/es\/resource\/rehabilitation-considerations-during-the-covid-19-outbreak\/","title":{"rendered":"Consideraciones sobre la rehabilitaci\u00f3n durante la pandemia de COVID-19"},"content":{"rendered":"\n<p>Los casos graves de COVID-19 se asocian a necesidades de rehabilitaci\u00f3n relacionadas con las consecuencias del soporte ventilatorio, e inmovilizaci\u00f3n y reposo en cama prolongados. Estos pueden incluir: &#8211; Deterioro de la funci\u00f3n pulmonar; &#8211; Desacondicionamiento f\u00edsico y debilidad muscular; &#8211; Delirio y otros trastornos cognitivos; &#8211; Deterioro de la degluci\u00f3n y la comunicaci\u00f3n; y &#8211; Trastornos de salud mental y necesidades de apoyo psicosocial. &#8211; Las necesidades de rehabilitaci\u00f3n pueden verse aumentadas por las condiciones de salud subyacentes y el deterioro de la salud asociado al envejecimiento, \u2212 Los profesionales de la rehabilitaci\u00f3n desempe\u00f1an un papel importante a la hora de facilitar el alta temprana, lo cual es especialmente cr\u00edtico en el contexto de escasez de camas hospitalarias. &#8211; Existen necesidades de rehabilitaci\u00f3n de las personas con COVID-19 grave durante las fases de atenci\u00f3n aguda, subaguda y a largo plazo; los profesionales de la rehabilitaci\u00f3n deber\u00edan estar presentes en las UCI, en las salas del hospital, en los centros de cuidados intermedios y en la comunidad. &#8211; Especialmente en la fase aguda, las intervenciones de rehabilitaci\u00f3n de los pacientes con COVID-19 grave que requieren asistencia ventilatoria generalmente precisan de un conjunto de habilidades particulares adquiridas mediante una formaci\u00f3n especializada.<\/p>\n\n<p>Tambi\u00e9n disponible en <a href=\"https:\/\/iris.paho.org\/handle\/10665.2\/52104\">espa\u00f1ol<\/a> y <a href=\"https:\/\/iris.paho.org\/handle\/10665.2\/52103\">portugu\u00e9s<\/a>.<\/p>\n","protected":false},"featured_media":2839,"template":"","resource_category":[437],"class_list":["post-3452","resource","type-resource","status-publish","has-post-thumbnail","hentry","resource_category-infection-control-es","resource_tags-covid-19-es","resource_tags-pandemic-es","resource_tags-rehabilitation-es"],"acf":[],"_links":{"self":[{"href":"https:\/\/resources.physio-pedia.com\/es\/wp-json\/wp\/v2\/resource\/3452","targetHints":{"allow":["GET"]}}],"collection":[{"href":"https:\/\/resources.physio-pedia.com\/es\/wp-json\/wp\/v2\/resource"}],"about":[{"href":"https:\/\/resources.physio-pedia.com\/es\/wp-json\/wp\/v2\/types\/resource"}],"wp:featuredmedia":[{"embeddable":true,"href":"https:\/\/resources.physio-pedia.com\/es\/wp-json\/wp\/v2\/media\/2839"}],"wp:attachment":[{"href":"https:\/\/resources.physio-pedia.com\/es\/wp-json\/wp\/v2\/media?parent=3452"}],"wp:term":[{"taxonomy":"resource_category","embeddable":true,"href":"https:\/\/resources.physio-pedia.com\/es\/wp-json\/wp\/v2\/resource_category?post=3452"}],"curies":[{"name":"wp","href":"https:\/\/api.w.org\/{rel}","templated":true}]}}

Consideraciones sobre la rehabilitación durante la pandemia de COVID-19

<p>Los casos graves de COVID-19 se asocian a necesidades de rehabilitación relacionadas con las consecuencias del soporte ventilatorio, e inmovilización y reposo en cama prolongados. Estos pueden incluir: &#8211; Deterioro de la función pulmonar; &#8211; Desacondicionamiento físico y debilidad muscular; &#8211; Delirio y otros trastornos cognitivos; &#8211; Deterioro de la deglución y la comunicación; y &#8211; Trastornos de salud mental y necesidades de apoyo psicosocial. &#8211; Las necesidades de rehabilitación pueden verse aumentadas por las condiciones de salud subyacentes y el deterioro de la salud asociado al envejecimiento, − Los profesionales de la rehabilitación desempeñan un papel importante a la hora de facilitar el alta temprana, lo cual es especialmente crítico en el contexto de escasez de camas hospitalarias. &#8211; Existen necesidades de rehabilitación de las personas con COVID-19 grave durante las fases de atención aguda, subaguda y a largo plazo; los profesionales de la rehabilitación deberían estar presentes en las UCI, en las salas del hospital, en los centros de cuidados intermedios y en la comunidad. &#8211; Especialmente en la fase aguda, las intervenciones de rehabilitación de los pacientes con COVID-19 grave que requieren asistencia ventilatoria generalmente precisan de un conjunto de habilidades particulares adquiridas mediante una formación especializada.</p>

<p>También disponible en <a href="https://iris.paho.org/handle/10665.2/52104">español</a> y <a href="https://iris.paho.org/handle/10665.2/52103">portugués</a>.</p>
