{"id":3115,"date":"2021-10-26T18:05:38","date_gmt":"2021-10-26T17:05:38","guid":{"rendered":"https:\/\/resources.physio-pedia.com\/resource\/considerations-relatives-a-la-readaptation-pendant-la-pandemie-covid-19\/"},"modified":"2022-02-08T20:09:39","modified_gmt":"2022-02-08T20:09:39","slug":"considerations-relatives-a-la-readaptation-pendant-la-pandemie-covid-19","status":"publish","type":"resource","link":"https:\/\/resources.physio-pedia.com\/fr\/resource\/considerations-relatives-a-la-readaptation-pendant-la-pandemie-covid-19\/","title":{"rendered":"Consid\u00e9rations relatives \u00e0 la r\u00e9adaptation pendant la pand\u00e9mie COVID-19"},"content":{"rendered":"\n<p>Les cas graves de COVID-19 sont associ\u00e9s \u00e0 des besoins de r\u00e9adaptation li\u00e9s aux cons\u00e9quences de l&rsquo;assistance ventilatoire, ainsi qu&rsquo;\u00e0 une immobilisation et un alitement prolong\u00e9s. Il peut s&rsquo;agir de : &#8211; une alt\u00e9ration de la fonction pulmonaire ; &#8211; un d\u00e9conditionnement physique et une faiblesse musculaire ; &#8211; un d\u00e9lire et d&rsquo;autres troubles cognitifs ; &#8211; une alt\u00e9ration de la d\u00e9glutition et de la communication ; et &#8211; des troubles de la sant\u00e9 mentale et des besoins de soutien psychosocial. &#8211; Les besoins en mati\u00e8re de r\u00e9adaptation peuvent \u00eatre amplifi\u00e9s par les conditions de sant\u00e9 sous-jacentes et les diminutions de sant\u00e9 associ\u00e9es au vieillissement, &#8211; Les professionnels de la r\u00e9adaptation jouent un r\u00f4le important en facilitant la sortie pr\u00e9coce de l&rsquo;h\u00f4pital, ce qui est particuli\u00e8rement critique dans le contexte de la p\u00e9nurie de lits d&rsquo;h\u00f4pitaux. &#8211; Les besoins en mati\u00e8re de r\u00e9adaptation des personnes s\u00e9v\u00e8rement atteintes de COVID-19 existent pendant les phases aigu\u00ebs, subaigu\u00ebs et \u00e0 long terme des soins ; des professionnels en r\u00e9adaptation doivent \u00eatre positionn\u00e9s dans les unit\u00e9s de soins intensifs, les services hospitaliers, les \u00e9tablissements de soins palliatifs et dans la communaut\u00e9. &#8211; En particulier dans la phase aigu\u00eb, les interventions de r\u00e9adaptation pour les patients s\u00e9v\u00e8rement atteints de COVID-19 et n\u00e9cessitant une assistance ventilatoire requi\u00e8rent g\u00e9n\u00e9ralement un ensemble de comp\u00e9tences particuli\u00e8res acquises par une formation sp\u00e9cialis\u00e9e.<\/p>\n\n<p>\u00c9galement disponible en <a href=\"https:\/\/iris.paho.org\/handle\/10665.2\/52104\">espagnol<\/a>, et en <a href=\"https:\/\/iris.paho.org\/handle\/10665.2\/52103\">portugais<\/a><\/p>\n","protected":false},"featured_media":2837,"template":"","resource_category":[392],"class_list":["post-3115","resource","type-resource","status-publish","has-post-thumbnail","hentry","resource_category-infection-control-fr","resource_tags-covid-19-fr","resource_tags-pandemic-fr","resource_tags-rehabilitation-fr"],"acf":[],"_links":{"self":[{"href":"https:\/\/resources.physio-pedia.com\/fr\/wp-json\/wp\/v2\/resource\/3115","targetHints":{"allow":["GET"]}}],"collection":[{"href":"https:\/\/resources.physio-pedia.com\/fr\/wp-json\/wp\/v2\/resource"}],"about":[{"href":"https:\/\/resources.physio-pedia.com\/fr\/wp-json\/wp\/v2\/types\/resource"}],"wp:featuredmedia":[{"embeddable":true,"href":"https:\/\/resources.physio-pedia.com\/fr\/wp-json\/wp\/v2\/media\/2837"}],"wp:attachment":[{"href":"https:\/\/resources.physio-pedia.com\/fr\/wp-json\/wp\/v2\/media?parent=3115"}],"wp:term":[{"taxonomy":"resource_category","embeddable":true,"href":"https:\/\/resources.physio-pedia.com\/fr\/wp-json\/wp\/v2\/resource_category?post=3115"}],"curies":[{"name":"wp","href":"https:\/\/api.w.org\/{rel}","templated":true}]}}

Considérations relatives à la réadaptation pendant la pandémie COVID-19

<p>Les cas graves de COVID-19 sont associés à des besoins de réadaptation liés aux conséquences de l&rsquo;assistance ventilatoire, ainsi qu&rsquo;à une immobilisation et un alitement prolongés. Il peut s&rsquo;agir de : &#8211; une altération de la fonction pulmonaire ; &#8211; un déconditionnement physique et une faiblesse musculaire ; &#8211; un délire et d&rsquo;autres troubles cognitifs ; &#8211; une altération de la déglutition et de la communication ; et &#8211; des troubles de la santé mentale et des besoins de soutien psychosocial. &#8211; Les besoins en matière de réadaptation peuvent être amplifiés par les conditions de santé sous-jacentes et les diminutions de santé associées au vieillissement, &#8211; Les professionnels de la réadaptation jouent un rôle important en facilitant la sortie précoce de l&rsquo;hôpital, ce qui est particulièrement critique dans le contexte de la pénurie de lits d&rsquo;hôpitaux. &#8211; Les besoins en matière de réadaptation des personnes sévèrement atteintes de COVID-19 existent pendant les phases aiguës, subaiguës et à long terme des soins ; des professionnels en réadaptation doivent être positionnés dans les unités de soins intensifs, les services hospitaliers, les établissements de soins palliatifs et dans la communauté. &#8211; En particulier dans la phase aiguë, les interventions de réadaptation pour les patients sévèrement atteints de COVID-19 et nécessitant une assistance ventilatoire requièrent généralement un ensemble de compétences particulières acquises par une formation spécialisée.</p>

<p>Également disponible en <a href="https://iris.paho.org/handle/10665.2/52104">espagnol</a>, et en <a href="https://iris.paho.org/handle/10665.2/52103">portugais</a></p>
